{"id":21,"date":"2020-12-19T18:04:48","date_gmt":"2020-12-19T18:04:48","guid":{"rendered":"https:\/\/hlrnet.net\/sites\/actu-ec\/?page_id=21"},"modified":"2020-12-19T18:04:48","modified_gmt":"2020-12-19T18:04:48","slug":"activites","status":"publish","type":"page","link":"https:\/\/hlrnet.net\/sites\/actu-ec\/activites\/","title":{"rendered":"Activit\u00e9s"},"content":{"rendered":"<p>Voici ce que vous pouvez faire avec ce sous-site:<\/p>\n<p>Lecture<\/p>\n<ul>\n<li>Qui le dit?<\/li>\n<li>Que dit-on au juste?<\/li>\n<li>\u00c0 propos de qui ou quoi?<\/li>\n<li>Dans quelles conditions?<\/li>\n<li>A qui le dit-on?<\/li>\n<li>Dans quel but?<\/li>\n<li>Pourquoi le dit-on comme on le dit?<\/li>\n<\/ul>\n<p>Apprentissage<\/p>\n<ul>\n<li>faire une liste de mots-cl\u00e9 (ou un nuage) \/ \u00e9crire une petite synth\u00e8se<\/li>\n<li>faire une liste de termes en soins de sant\u00e9<\/li>\n<li>faire une liste d\u2019expressions qui vous semblent utiles<\/li>\n<\/ul>\n<p>\u00c9crire<\/p>\n<ul>\n<li>Reformuler le m\u00eame message\n<ul>\n<li>Pour un autre public<\/li>\n<li>Sous une forme diff\u00e9rente (une autre type de texte: manuel d\u2019utilisation, d\u00e9pliant, rapport de t\u00e9moin, lettre de protestation, opinion professionnelle ou politique, \u2026<\/li>\n<li>Dans une autre r\u00e9gion \/ une autre \u00e9poque<\/li>\n<li>Dix ans plus tard\u2026<\/li>\n<\/ul>\n<\/li>\n<li>R\u00e9agir\n<ul>\n<li>R\u00e9agir \u00e0 cette nouvelle<\/li>\n<li>Une lettre ou un message \u00e0 l\u2019auteur ou l\u2019\u00e9diteur<\/li>\n<li>Annoncer cette nouvelle \u00e0 un coll\u00e8gue et y inclure ses propres id\u00e9es \u00e0 ce sujet<\/li>\n<li>\u00c9crire une histoire (un r\u00e9cit) qui peut d\u00e9couler de cette situation [par exemple construire l\u2019histoire d\u2019un patient confront\u00e9 \u00e0 cette situation ou utilisant cet outil)<\/li>\n<li>\u00c9crire une lettre qui d\u00e9coule de cette histoire: le client, le forunisseur, un familier<\/li>\n<\/ul>\n<\/li>\n<\/ul>\n<p>\u00c9valuation<\/p>\n<p>Compr\u00e9hension (de lecture ou auditive)<br \/>\nCe que j\u2019ai appris<br \/>\nCe que je dois encore apprendre \/ approfondir<br \/>\nExpression (\u00e9criture,ou expression orale)<br \/>\nCe que j\u2019ai appris<br \/>\nCe que je dois encore apprendre \/ approfondir<\/p>\n<p>CE QUE NOUS VOULONS VOIR<\/p>\n<p>ce que vous avez fait (l\u2019effort que vous avez fourni)<br \/>\nce que vous avez appris (l\u2019effet)<br \/>\nce que cela vous a fait (l\u2019effet \u00e9motionnel)<\/p>\n","protected":false},"excerpt":{"rendered":"<p>Voici ce que vous pouvez faire avec ce sous-site: Lecture Qui le dit? Que dit-on au juste? \u00c0 propos de qui ou quoi? Dans quelles conditions? A qui le dit-on? Dans quel but? Pourquoi le dit-on comme on le dit? Apprentissage faire une liste de mots-cl\u00e9 (ou un nuage) \/<\/p>\n","protected":false},"author":1,"featured_media":0,"parent":0,"menu_order":0,"comment_status":"closed","ping_status":"closed","template":"","meta":{"footnotes":""},"class_list":["post-21","page","type-page","status-publish","hentry"],"publishpress_future_action":{"enabled":false,"date":"2026-04-30 17:37:22","action":"change-status","newStatus":"draft","terms":[],"taxonomy":"","extraData":[]},"publishpress_future_workflow_manual_trigger":{"enabledWorkflows":[]},"_links":{"self":[{"href":"https:\/\/hlrnet.net\/sites\/actu-ec\/wp-json\/wp\/v2\/pages\/21","targetHints":{"allow":["GET"]}}],"collection":[{"href":"https:\/\/hlrnet.net\/sites\/actu-ec\/wp-json\/wp\/v2\/pages"}],"about":[{"href":"https:\/\/hlrnet.net\/sites\/actu-ec\/wp-json\/wp\/v2\/types\/page"}],"author":[{"embeddable":true,"href":"https:\/\/hlrnet.net\/sites\/actu-ec\/wp-json\/wp\/v2\/users\/1"}],"replies":[{"embeddable":true,"href":"https:\/\/hlrnet.net\/sites\/actu-ec\/wp-json\/wp\/v2\/comments?post=21"}],"version-history":[{"count":1,"href":"https:\/\/hlrnet.net\/sites\/actu-ec\/wp-json\/wp\/v2\/pages\/21\/revisions"}],"predecessor-version":[{"id":22,"href":"https:\/\/hlrnet.net\/sites\/actu-ec\/wp-json\/wp\/v2\/pages\/21\/revisions\/22"}],"wp:attachment":[{"href":"https:\/\/hlrnet.net\/sites\/actu-ec\/wp-json\/wp\/v2\/media?parent=21"}],"curies":[{"name":"wp","href":"https:\/\/api.w.org\/{rel}","templated":true}]}}