{"id":1791,"date":"2022-07-18T14:04:32","date_gmt":"2022-07-18T14:04:32","guid":{"rendered":"https:\/\/hlrnet.net\/sites\/actu-es\/?page_id=1791"},"modified":"2025-10-15T15:02:30","modified_gmt":"2025-10-15T15:02:30","slug":"inicio","status":"publish","type":"page","link":"https:\/\/hlrnet.net\/sites\/actu-es\/","title":{"rendered":"Inicio"},"content":{"rendered":"<p>Aprendizaje<\/p>\n<ul>\n<li><a href=\"https:\/\/hlrnet.net\/sites\/actu-es\/apoyo-al-aprendizaje-del-espanol-medico\/\">Apoyo al aprendizaje del espa\u00f1ol m\u00e9dico<\/a><\/li>\n<li><a href=\"https:\/\/hlrnet.net\/sites\/actu-es\/actividades\/\">Actividades a partir de art\u00edculos de actualidad o blogposts<\/a><\/li>\n<\/ul>\n<p>Actualidad<\/p>\n<ul>\n<li><a href=\"https:\/\/hlrnet.net\/sites\/actu-es\/la-salud\/\">La salud<\/a><\/li>\n<li><a href=\"https:\/\/hlrnet.net\/sites\/actu-es\/la-medicina\/\">La medicina<\/a><\/li>\n<li><a href=\"https:\/\/hlrnet.net\/sites\/actu-es\/el-cuidado-ocular\/\">El cuidado ocular<\/a><\/li>\n<li><a href=\"https:\/\/hlrnet.net\/sites\/actu-es\/la-enfermeria\/\">La enfermer\u00eda<\/a><\/li>\n<li><a href=\"https:\/\/hlrnet.net\/sites\/actu-es\/la-terapia-ocupacional\/\">La terapia ocupacional<\/a><\/li>\n<li><a href=\"https:\/\/hlrnet.net\/sites\/actu-es\/la-fisioterapia\/\">La fisioterapia<\/a><\/li>\n<\/ul>\n<p>Y tambi\u00e9n<\/p>\n<ul>\n<li><a href=\"https:\/\/hlrnet.net\/sites\/actu-es\/la-biologia\/\">La biolog\u00eda<\/a><\/li>\n<li><a href=\"https:\/\/hlrnet.net\/sites\/actu-es\/las-ciencias-sociales\/\">Las ciencias sociales<\/a><\/li>\n<\/ul>\n","protected":false},"excerpt":{"rendered":"<p>Aprendizaje Apoyo al aprendizaje del espa\u00f1ol m\u00e9dico Actividades a partir de art\u00edculos de actualidad o blogposts Actualidad La salud La medicina El cuidado ocular La enfermer\u00eda La terapia ocupacional La fisioterapia Y tambi\u00e9n La biolog\u00eda Las ciencias sociales<\/p>\n","protected":false},"author":1,"featured_media":0,"parent":0,"menu_order":0,"comment_status":"closed","ping_status":"closed","template":"","meta":{"footnotes":""},"class_list":["post-1791","page","type-page","status-publish","hentry"],"publishpress_future_action":{"enabled":false,"date":"2026-04-30 16:01:55","action":"change-status","newStatus":"draft","terms":[],"taxonomy":"","extraData":[]},"publishpress_future_workflow_manual_trigger":{"enabledWorkflows":[]},"_links":{"self":[{"href":"https:\/\/hlrnet.net\/sites\/actu-es\/wp-json\/wp\/v2\/pages\/1791","targetHints":{"allow":["GET"]}}],"collection":[{"href":"https:\/\/hlrnet.net\/sites\/actu-es\/wp-json\/wp\/v2\/pages"}],"about":[{"href":"https:\/\/hlrnet.net\/sites\/actu-es\/wp-json\/wp\/v2\/types\/page"}],"author":[{"embeddable":true,"href":"https:\/\/hlrnet.net\/sites\/actu-es\/wp-json\/wp\/v2\/users\/1"}],"replies":[{"embeddable":true,"href":"https:\/\/hlrnet.net\/sites\/actu-es\/wp-json\/wp\/v2\/comments?post=1791"}],"version-history":[{"count":9,"href":"https:\/\/hlrnet.net\/sites\/actu-es\/wp-json\/wp\/v2\/pages\/1791\/revisions"}],"predecessor-version":[{"id":3856,"href":"https:\/\/hlrnet.net\/sites\/actu-es\/wp-json\/wp\/v2\/pages\/1791\/revisions\/3856"}],"wp:attachment":[{"href":"https:\/\/hlrnet.net\/sites\/actu-es\/wp-json\/wp\/v2\/media?parent=1791"}],"curies":[{"name":"wp","href":"https:\/\/api.w.org\/{rel}","templated":true}]}}