{"id":1835,"date":"2022-07-18T14:54:34","date_gmt":"2022-07-18T14:54:34","guid":{"rendered":"https:\/\/hlrnet.net\/sites\/ele\/?page_id=1835"},"modified":"2023-07-01T08:04:16","modified_gmt":"2023-07-01T08:04:16","slug":"revistas-en-ele","status":"publish","type":"page","link":"https:\/\/hlrnet.net\/sites\/ele\/revistas-en-ele\/","title":{"rendered":"Revistas en ELE"},"content":{"rendered":"<p><strong>Marco ELE<\/strong><\/p>\n<div class=\"wprss_ajax\" data-id=\"rss394c53a459\"><img loading=\"lazy\" decoding=\"async\" src=\"https:\/\/hlrnet.net\/sites\/ele\/wp-content\/plugins\/wp-rss-retriever\/inc\/imgs\/ajax-loader.gif\" alt=\"Loading RSS Feed\" width=\"16\" height=\"16\"><\/div>\n<p><strong>Revista de ling\u00fc\u00edstica<\/strong><\/p>\n<div class=\"wprss_ajax\" data-id=\"rss2b718dfc1e\"><img loading=\"lazy\" decoding=\"async\" src=\"https:\/\/hlrnet.net\/sites\/ele\/wp-content\/plugins\/wp-rss-retriever\/inc\/imgs\/ajax-loader.gif\" alt=\"Loading RSS Feed\" width=\"16\" height=\"16\"><\/div>\n<p><strong>Apliut<\/strong><\/p>\n<div class=\"wprss_ajax\" data-id=\"rss0af7d2faac\"><img loading=\"lazy\" decoding=\"async\" src=\"https:\/\/hlrnet.net\/sites\/ele\/wp-content\/plugins\/wp-rss-retriever\/inc\/imgs\/ajax-loader.gif\" alt=\"Loading RSS Feed\" width=\"16\" height=\"16\"><\/div>\n<p><strong>Philologia Canariense<\/strong><\/p>\n<div class=\"wprss_ajax\" data-id=\"rss8fe6dd4c6b\"><img loading=\"lazy\" decoding=\"async\" src=\"https:\/\/hlrnet.net\/sites\/ele\/wp-content\/plugins\/wp-rss-retriever\/inc\/imgs\/ajax-loader.gif\" alt=\"Loading RSS Feed\" width=\"16\" height=\"16\"><\/div>\n<p><strong>Kanina<\/strong><\/p>\n<div class=\"wprss_ajax\" data-id=\"rss0cd81e69dd\"><img loading=\"lazy\" decoding=\"async\" src=\"https:\/\/hlrnet.net\/sites\/ele\/wp-content\/plugins\/wp-rss-retriever\/inc\/imgs\/ajax-loader.gif\" alt=\"Loading RSS Feed\" width=\"16\" height=\"16\"><\/div>\n<p><strong>Hesperia<\/strong><\/p>\n<div class=\"wprss_ajax\" data-id=\"rss9b116944fa\"><img loading=\"lazy\" decoding=\"async\" src=\"https:\/\/hlrnet.net\/sites\/ele\/wp-content\/plugins\/wp-rss-retriever\/inc\/imgs\/ajax-loader.gif\" alt=\"Loading RSS Feed\" width=\"16\" height=\"16\"><\/div>\n<p><strong>E-journall<\/strong><\/p>\n<div class=\"wprss_ajax\" data-id=\"rss655297fbab\"><img loading=\"lazy\" decoding=\"async\" src=\"https:\/\/hlrnet.net\/sites\/ele\/wp-content\/plugins\/wp-rss-retriever\/inc\/imgs\/ajax-loader.gif\" alt=\"Loading RSS Feed\" width=\"16\" height=\"16\"><\/div>\n<p><strong>Cuadernos de Ling\u00fcistica<\/strong><\/p>\n<div class=\"wprss_ajax\" data-id=\"rssb610811fde\"><img loading=\"lazy\" decoding=\"async\" src=\"https:\/\/hlrnet.net\/sites\/ele\/wp-content\/plugins\/wp-rss-retriever\/inc\/imgs\/ajax-loader.gif\" alt=\"Loading RSS Feed\" width=\"16\" height=\"16\"><\/div>\n<p><strong>E-eleando<\/strong><\/p>\n<div class=\"wprss_ajax\" data-id=\"rss4792fdde5e\"><img loading=\"lazy\" decoding=\"async\" src=\"https:\/\/hlrnet.net\/sites\/ele\/wp-content\/plugins\/wp-rss-retriever\/inc\/imgs\/ajax-loader.gif\" alt=\"Loading RSS Feed\" width=\"16\" height=\"16\"><\/div>\n<p><strong>Cuadernos Canela<\/strong><\/p>\n<div class=\"wprss_ajax\" data-id=\"rss1834210e52\"><img loading=\"lazy\" decoding=\"async\" src=\"https:\/\/hlrnet.net\/sites\/ele\/wp-content\/plugins\/wp-rss-retriever\/inc\/imgs\/ajax-loader.gif\" alt=\"Loading RSS Feed\" width=\"16\" height=\"16\"><\/div>\n<p><strong>Ruta ELE<\/strong><\/p>\n<div class=\"wprss_ajax\" data-id=\"rssb31898144a\"><img loading=\"lazy\" decoding=\"async\" src=\"https:\/\/hlrnet.net\/sites\/ele\/wp-content\/plugins\/wp-rss-retriever\/inc\/imgs\/ajax-loader.gif\" alt=\"Loading RSS Feed\" width=\"16\" height=\"16\"><\/div>\n","protected":false},"excerpt":{"rendered":"<p>Marco ELE Revista de ling\u00fc\u00edstica Apliut Philologia Canariense Kanina Hesperia E-journall Cuadernos de Ling\u00fcistica E-eleando Cuadernos Canela Ruta ELE<\/p>\n","protected":false},"author":1,"featured_media":0,"parent":0,"menu_order":0,"comment_status":"closed","ping_status":"closed","template":"","meta":{"footnotes":""},"class_list":["post-1835","page","type-page","status-publish","hentry"],"publishpress_future_action":{"enabled":false,"date":"2026-04-30 17:54:13","action":"change-status","newStatus":"draft","terms":[],"taxonomy":"","extraData":[]},"publishpress_future_workflow_manual_trigger":{"enabledWorkflows":[]},"_links":{"self":[{"href":"https:\/\/hlrnet.net\/sites\/ele\/wp-json\/wp\/v2\/pages\/1835","targetHints":{"allow":["GET"]}}],"collection":[{"href":"https:\/\/hlrnet.net\/sites\/ele\/wp-json\/wp\/v2\/pages"}],"about":[{"href":"https:\/\/hlrnet.net\/sites\/ele\/wp-json\/wp\/v2\/types\/page"}],"author":[{"embeddable":true,"href":"https:\/\/hlrnet.net\/sites\/ele\/wp-json\/wp\/v2\/users\/1"}],"replies":[{"embeddable":true,"href":"https:\/\/hlrnet.net\/sites\/ele\/wp-json\/wp\/v2\/comments?post=1835"}],"version-history":[{"count":6,"href":"https:\/\/hlrnet.net\/sites\/ele\/wp-json\/wp\/v2\/pages\/1835\/revisions"}],"predecessor-version":[{"id":2903,"href":"https:\/\/hlrnet.net\/sites\/ele\/wp-json\/wp\/v2\/pages\/1835\/revisions\/2903"}],"wp:attachment":[{"href":"https:\/\/hlrnet.net\/sites\/ele\/wp-json\/wp\/v2\/media?parent=1835"}],"curies":[{"name":"wp","href":"https:\/\/api.w.org\/{rel}","templated":true}]}}